{"id":245,"date":"2018-06-04T10:46:41","date_gmt":"2018-06-04T08:46:41","guid":{"rendered":"https:\/\/iker.si\/upgrade\/?page_id=245"},"modified":"2018-06-28T16:45:42","modified_gmt":"2018-06-28T14:45:42","slug":"vodomeri","status":"publish","type":"page","link":"https:\/\/iker.si\/upgrade\/produkti\/vodomeri\/","title":{"rendered":"Vodomeri"},"content":{"rendered":"<p><div class=\"fusion-fullwidth fullwidth-box fusion-builder-row-1 nonhundred-percent-fullwidth non-hundred-percent-height-scrolling\" style=\"--awb-border-radius-top-left:0px;--awb-border-radius-top-right:0px;--awb-border-radius-bottom-right:0px;--awb-border-radius-bottom-left:0px;--awb-margin-bottom:45PX;--awb-background-color:#f6f6f6;\" ><div class=\"fusion-builder-row fusion-row\"><div class=\"fusion-layout-column fusion_builder_column fusion-builder-column-0 fusion_builder_column_1_1 1_1 fusion-one-full fusion-column-first fusion-column-last\" style=\"--awb-bg-size:cover;\"><div class=\"fusion-column-wrapper fusion-flex-column-wrapper-legacy\"><div class=\"fusion-text fusion-text-1\"><h1 style=\"text-align: center;\">VODOMERI<\/h1>\n<\/div><div class=\"fusion-clearfix\"><\/div><\/div><\/div><\/div><\/div><div class=\"fusion-fullwidth fullwidth-box fusion-builder-row-2 nonhundred-percent-fullwidth non-hundred-percent-height-scrolling\" style=\"--awb-border-radius-top-left:0px;--awb-border-radius-top-right:0px;--awb-border-radius-bottom-right:0px;--awb-border-radius-bottom-left:0px;\" ><div class=\"fusion-builder-row fusion-row\"><div class=\"fusion-layout-column fusion_builder_column fusion-builder-column-1 fusion_builder_column_1_1 1_1 fusion-one-full fusion-column-first fusion-column-last\" style=\"--awb-bg-size:cover;\"><div class=\"fusion-column-wrapper fusion-flex-column-wrapper-legacy\"><div class=\"fusion-text fusion-text-2\"><p>Merjenje porabe hladne in tople vode v stanovanjskem delu je najve\u010dkrat izvedeno s klasi\u010dnimi nadometnimi vodomeri in\/ali z ventilskimi vodomeri, ki so montirani na podometni ventil. Ponudba za stanovanjski del obsega vodomere dimenzij DN15 in DN20 mm v obeh izvedbah (hladna\/topla voda).<\/p>\n<p>Od\u010ditavanje vodomerov se lahko izvaja ro\u010dno ali daljinsko s sistemom walkby ali preko centralnih enot. Vse ro\u010dne merilnike je mo\u017eno nadgraditi na daljinsko od\u010ditavanje (radijsko, M-BUS, imp.).<\/p>\n<p>Ponudba merilnikov v hi\u0161nem delu obsega vodomere dimenzij od DN15 do DN40 mm. Vodomere se lahko od\u010ditava tako ro\u010dno kot tudi daljinsko. <\/p>\n<p>Ponudba merilnikov v industrijskem delu obsega vodomere ve\u010djih dimenzij od DN50 do DN250 mm. Vodomeri so dobavljivi v obeh izvedbah (Woltman \/ kombinirani vodomeri). Vodomere se lahko od\u010ditava tako ro\u010dno kot tudi daljinsko.<\/p>\n<\/div><div class=\"fusion-clearfix\"><\/div><\/div><\/div><\/div><\/div><div class=\"fusion-fullwidth fullwidth-box fusion-builder-row-3 nonhundred-percent-fullwidth non-hundred-percent-height-scrolling\" style=\"--awb-border-radius-top-left:0px;--awb-border-radius-top-right:0px;--awb-border-radius-bottom-right:0px;--awb-border-radius-bottom-left:0px;\" ><div class=\"fusion-builder-row fusion-row\"><div class=\"fusion-layout-column fusion_builder_column fusion-builder-column-2 fusion_builder_column_1_2 1_2 fusion-one-half fusion-column-first\" style=\"--awb-bg-size:cover;width:50%;width:calc(50% - ( ( 4% ) * 0.5 ) );margin-right: 4%;\"><div class=\"fusion-column-wrapper fusion-flex-column-wrapper-legacy\"><div class=\"fusion-image-element fusion-image-align-center in-legacy-container\" style=\"text-align:center;--awb-max-width:250px;--awb-caption-title-font-family:var(--h2_typography-font-family);--awb-caption-title-font-weight:var(--h2_typography-font-weight);--awb-caption-title-font-style:var(--h2_typography-font-style);--awb-caption-title-size:var(--h2_typography-font-size);--awb-caption-title-transform:var(--h2_typography-text-transform);--awb-caption-title-line-height:var(--h2_typography-line-height);--awb-caption-title-letter-spacing:var(--h2_typography-letter-spacing);\"><div class=\"imageframe-align-center\"><span class=\" fusion-imageframe imageframe-none imageframe-1 hover-type-none\" class=\"image-magnify\" class=\"image-scroll\"><img decoding=\"async\" width=\"949\" height=\"1004\" alt=\"Sanitarni vodomer Engelmann\" title=\"Sanitarni vodomer Engelmann\" src=\"https:\/\/iker.si\/upgrade\/wp-content\/uploads\/2018\/06\/7.png\" class=\"img-responsive wp-image-447\" srcset=\"https:\/\/iker.si\/upgrade\/wp-content\/uploads\/2018\/06\/7-200x212.png 200w, https:\/\/iker.si\/upgrade\/wp-content\/uploads\/2018\/06\/7-400x423.png 400w, https:\/\/iker.si\/upgrade\/wp-content\/uploads\/2018\/06\/7-600x635.png 600w, https:\/\/iker.si\/upgrade\/wp-content\/uploads\/2018\/06\/7-800x846.png 800w, https:\/\/iker.si\/upgrade\/wp-content\/uploads\/2018\/06\/7.png 949w\" sizes=\"(max-width: 800px) 100vw, 800px\" \/><\/span><\/div><\/div><div class=\"fusion-text fusion-text-3\"><h2 style=\"text-align: center;\">Sanitarni vodomer Engelmann<\/h2>\n<\/div><div class=\"fusion-clearfix\"><\/div><\/div><\/div><div class=\"fusion-layout-column fusion_builder_column fusion-builder-column-3 fusion_builder_column_1_2 1_2 fusion-one-half fusion-column-last\" style=\"--awb-bg-size:cover;width:50%;width:calc(50% - ( ( 4% ) * 0.5 ) );\"><div class=\"fusion-column-wrapper fusion-flex-column-wrapper-legacy\"><div class=\"fusion-image-element fusion-image-align-center in-legacy-container\" style=\"text-align:center;--awb-max-width:250px;--awb-caption-title-font-family:var(--h2_typography-font-family);--awb-caption-title-font-weight:var(--h2_typography-font-weight);--awb-caption-title-font-style:var(--h2_typography-font-style);--awb-caption-title-size:var(--h2_typography-font-size);--awb-caption-title-transform:var(--h2_typography-text-transform);--awb-caption-title-line-height:var(--h2_typography-line-height);--awb-caption-title-letter-spacing:var(--h2_typography-letter-spacing);\"><div class=\"imageframe-align-center\"><span class=\" fusion-imageframe imageframe-none imageframe-2 hover-type-none\" class=\"image-magnify\" class=\"image-scroll\"><img decoding=\"async\" width=\"949\" height=\"1004\" alt=\"Sanitarni vodomer Siemens\" title=\"Sanitarni vodomer Siemens\" src=\"https:\/\/iker.si\/upgrade\/wp-content\/uploads\/2018\/06\/8.png\" class=\"img-responsive wp-image-448\" srcset=\"https:\/\/iker.si\/upgrade\/wp-content\/uploads\/2018\/06\/8-200x212.png 200w, https:\/\/iker.si\/upgrade\/wp-content\/uploads\/2018\/06\/8-400x423.png 400w, https:\/\/iker.si\/upgrade\/wp-content\/uploads\/2018\/06\/8-600x635.png 600w, https:\/\/iker.si\/upgrade\/wp-content\/uploads\/2018\/06\/8-800x846.png 800w, https:\/\/iker.si\/upgrade\/wp-content\/uploads\/2018\/06\/8.png 949w\" sizes=\"(max-width: 800px) 100vw, 800px\" \/><\/span><\/div><\/div><div class=\"fusion-text fusion-text-4\"><h2 style=\"text-align: center;\">Sanitarni vodomer Siemens<\/h2>\n<\/div><div class=\"fusion-clearfix\"><\/div><\/div><\/div><\/div><\/div><\/p>\n","protected":false},"excerpt":{"rendered":"","protected":false},"author":3,"featured_media":447,"parent":202,"menu_order":3,"comment_status":"closed","ping_status":"closed","template":"100-width.php","meta":{"_mi_skip_tracking":false,"_exactmetrics_sitenote_active":false,"_exactmetrics_sitenote_note":"","_exactmetrics_sitenote_category":0},"_links":{"self":[{"href":"https:\/\/iker.si\/upgrade\/wp-json\/wp\/v2\/pages\/245"}],"collection":[{"href":"https:\/\/iker.si\/upgrade\/wp-json\/wp\/v2\/pages"}],"about":[{"href":"https:\/\/iker.si\/upgrade\/wp-json\/wp\/v2\/types\/page"}],"author":[{"embeddable":true,"href":"https:\/\/iker.si\/upgrade\/wp-json\/wp\/v2\/users\/3"}],"replies":[{"embeddable":true,"href":"https:\/\/iker.si\/upgrade\/wp-json\/wp\/v2\/comments?post=245"}],"version-history":[{"count":0,"href":"https:\/\/iker.si\/upgrade\/wp-json\/wp\/v2\/pages\/245\/revisions"}],"up":[{"embeddable":true,"href":"https:\/\/iker.si\/upgrade\/wp-json\/wp\/v2\/pages\/202"}],"wp:featuredmedia":[{"embeddable":true,"href":"https:\/\/iker.si\/upgrade\/wp-json\/wp\/v2\/media\/447"}],"wp:attachment":[{"href":"https:\/\/iker.si\/upgrade\/wp-json\/wp\/v2\/media?parent=245"}],"curies":[{"name":"wp","href":"https:\/\/api.w.org\/{rel}","templated":true}]}}