{"id":117,"date":"2018-05-23T14:57:23","date_gmt":"2018-05-23T12:57:23","guid":{"rendered":"https:\/\/iker.si\/upgrade\/?page_id=117"},"modified":"2018-06-28T16:44:33","modified_gmt":"2018-06-28T14:44:33","slug":"merilniki-toplotne-energije","status":"publish","type":"page","link":"https:\/\/iker.si\/upgrade\/produkti\/merilniki-toplotne-energije\/","title":{"rendered":"Merilniki toplotne energije"},"content":{"rendered":"<p><div class=\"fusion-fullwidth fullwidth-box fusion-builder-row-1 nonhundred-percent-fullwidth non-hundred-percent-height-scrolling\" style=\"--awb-border-radius-top-left:0px;--awb-border-radius-top-right:0px;--awb-border-radius-bottom-right:0px;--awb-border-radius-bottom-left:0px;--awb-margin-bottom:45px;--awb-background-color:#f6f6f6;\" ><div class=\"fusion-builder-row fusion-row\"><div class=\"fusion-layout-column fusion_builder_column fusion-builder-column-0 fusion_builder_column_1_1 1_1 fusion-one-full fusion-column-first fusion-column-last\" style=\"--awb-bg-size:cover;\"><div class=\"fusion-column-wrapper fusion-flex-column-wrapper-legacy\"><div class=\"fusion-text fusion-text-1\"><h1 style=\"text-align: center;\">MERILNIKI TOPLOTNE ENERGIJE<\/h1>\n<\/div><div class=\"fusion-clearfix\"><\/div><\/div><\/div><\/div><\/div><div class=\"fusion-fullwidth fullwidth-box fusion-builder-row-2 nonhundred-percent-fullwidth non-hundred-percent-height-scrolling\" style=\"--awb-border-radius-top-left:0px;--awb-border-radius-top-right:0px;--awb-border-radius-bottom-right:0px;--awb-border-radius-bottom-left:0px;\" ><div class=\"fusion-builder-row fusion-row\"><div class=\"fusion-layout-column fusion_builder_column fusion-builder-column-1 fusion_builder_column_1_1 1_1 fusion-one-full fusion-column-first fusion-column-last\" style=\"--awb-bg-size:cover;\"><div class=\"fusion-column-wrapper fusion-flex-column-wrapper-legacy\"><div class=\"fusion-text fusion-text-2\"><p>Ponudba merilnikov toplotne energije obsega merilnike za bele\u017eenje porabe ogrevanja\/hlajenja posameznih enot\/stanovanj (dimenzije DN15 in DN20 mm) ter merilnike za merjenje skupne porabe stavbe oz. objekta (DN25 do DN100 mm).<\/p>\n<p>Vsi merilniki (navojni ali prirobni\u010dni) so dobavljivi v dveh izvedbah (ultrazvo\u010dni ali turbinski). Vse merilnike je mo\u017eno od\u010ditati ro\u010dno ali daljinsko (s sistemom walk-by ali s centralno enoto).<\/p>\n<p>Vse ro\u010dne merilnike je mo\u017eno nadgraditi na daljinsko od\u010ditavanje (radijsko, M-BUS, imp.). Daljinsko od\u010ditavanje je mo\u017eno preko sistema walk-by ali centralnih enot (AMR, GSM, ftp).<\/p>\n<\/div><div class=\"fusion-clearfix\"><\/div><\/div><\/div><\/div><\/div><div class=\"fusion-fullwidth fullwidth-box fusion-builder-row-3 nonhundred-percent-fullwidth non-hundred-percent-height-scrolling\" style=\"--awb-border-radius-top-left:0px;--awb-border-radius-top-right:0px;--awb-border-radius-bottom-right:0px;--awb-border-radius-bottom-left:0px;\" ><div class=\"fusion-builder-row fusion-row\"><div class=\"fusion-layout-column fusion_builder_column fusion-builder-column-2 fusion_builder_column_1_2 1_2 fusion-one-half fusion-column-first\" style=\"--awb-bg-size:cover;width:50%;width:calc(50% - ( ( 4% ) * 0.5 ) );margin-right: 4%;\"><div class=\"fusion-column-wrapper fusion-flex-column-wrapper-legacy\"><div class=\"fusion-image-element fusion-image-align-center in-legacy-container\" style=\"text-align:center;--awb-max-width:250px;--awb-caption-title-font-family:var(--h2_typography-font-family);--awb-caption-title-font-weight:var(--h2_typography-font-weight);--awb-caption-title-font-style:var(--h2_typography-font-style);--awb-caption-title-size:var(--h2_typography-font-size);--awb-caption-title-transform:var(--h2_typography-text-transform);--awb-caption-title-line-height:var(--h2_typography-line-height);--awb-caption-title-letter-spacing:var(--h2_typography-letter-spacing);\"><div class=\"imageframe-align-center\"><span class=\" fusion-imageframe imageframe-none imageframe-1 hover-type-none\" class=\"image-magnify\" class=\"image-scroll\"><img decoding=\"async\" width=\"949\" height=\"1004\" alt=\"Turbinski merilniki ogrevanja Engelmann\" title=\"Turbinski merilniki ogrevanja Engelmann\" src=\"https:\/\/iker.si\/upgrade\/wp-content\/uploads\/2018\/06\/4-1.png\" class=\"img-responsive wp-image-441\" srcset=\"https:\/\/iker.si\/upgrade\/wp-content\/uploads\/2018\/06\/4-1-200x212.png 200w, https:\/\/iker.si\/upgrade\/wp-content\/uploads\/2018\/06\/4-1-400x423.png 400w, https:\/\/iker.si\/upgrade\/wp-content\/uploads\/2018\/06\/4-1-600x635.png 600w, https:\/\/iker.si\/upgrade\/wp-content\/uploads\/2018\/06\/4-1-800x846.png 800w, https:\/\/iker.si\/upgrade\/wp-content\/uploads\/2018\/06\/4-1.png 949w\" sizes=\"(max-width: 800px) 100vw, 800px\" \/><\/span><\/div><\/div><div class=\"fusion-text fusion-text-3\"><h2 style=\"text-align: center;\">Turbinski merilniki ogrevanja Engelmann<\/h2>\n<\/div><div class=\"fusion-clearfix\"><\/div><\/div><\/div><div class=\"fusion-layout-column fusion_builder_column fusion-builder-column-3 fusion_builder_column_1_2 1_2 fusion-one-half fusion-column-last\" style=\"--awb-bg-size:cover;width:50%;width:calc(50% - ( ( 4% ) * 0.5 ) );\"><div class=\"fusion-column-wrapper fusion-flex-column-wrapper-legacy\"><div class=\"fusion-image-element fusion-image-align-center in-legacy-container\" style=\"text-align:center;--awb-max-width:250px;--awb-caption-title-font-family:var(--h2_typography-font-family);--awb-caption-title-font-weight:var(--h2_typography-font-weight);--awb-caption-title-font-style:var(--h2_typography-font-style);--awb-caption-title-size:var(--h2_typography-font-size);--awb-caption-title-transform:var(--h2_typography-text-transform);--awb-caption-title-line-height:var(--h2_typography-line-height);--awb-caption-title-letter-spacing:var(--h2_typography-letter-spacing);\"><div class=\"imageframe-align-center\"><span class=\" fusion-imageframe imageframe-none imageframe-2 hover-type-none\" class=\"image-magnify\" class=\"image-scroll\"><img decoding=\"async\" width=\"949\" height=\"1004\" alt=\"Turbinski merilniki ogrevanja Siemens\" title=\"Turbinski merilniki ogrevanja Siemens\" src=\"https:\/\/iker.si\/upgrade\/wp-content\/uploads\/2018\/06\/3-1.png\" class=\"img-responsive wp-image-440\" srcset=\"https:\/\/iker.si\/upgrade\/wp-content\/uploads\/2018\/06\/3-1-200x212.png 200w, https:\/\/iker.si\/upgrade\/wp-content\/uploads\/2018\/06\/3-1-400x423.png 400w, https:\/\/iker.si\/upgrade\/wp-content\/uploads\/2018\/06\/3-1-600x635.png 600w, https:\/\/iker.si\/upgrade\/wp-content\/uploads\/2018\/06\/3-1-800x846.png 800w, https:\/\/iker.si\/upgrade\/wp-content\/uploads\/2018\/06\/3-1.png 949w\" sizes=\"(max-width: 800px) 100vw, 800px\" \/><\/span><\/div><\/div><div class=\"fusion-text fusion-text-4\"><h2 style=\"text-align: center;\">Turbinski merilniki ogrevanja Siemens<\/h2>\n<\/div><div class=\"fusion-clearfix\"><\/div><\/div><\/div><div class=\"fusion-layout-column fusion_builder_column fusion-builder-column-4 fusion_builder_column_1_2 1_2 fusion-one-half fusion-column-first\" style=\"--awb-bg-size:cover;width:50%;width:calc(50% - ( ( 4% ) * 0.5 ) );margin-right: 4%;\"><div class=\"fusion-column-wrapper fusion-flex-column-wrapper-legacy\"><div class=\"fusion-image-element fusion-image-align-center in-legacy-container\" style=\"text-align:center;--awb-max-width:250px;--awb-caption-title-font-family:var(--h2_typography-font-family);--awb-caption-title-font-weight:var(--h2_typography-font-weight);--awb-caption-title-font-style:var(--h2_typography-font-style);--awb-caption-title-size:var(--h2_typography-font-size);--awb-caption-title-transform:var(--h2_typography-text-transform);--awb-caption-title-line-height:var(--h2_typography-line-height);--awb-caption-title-letter-spacing:var(--h2_typography-letter-spacing);\"><div class=\"imageframe-align-center\"><span class=\" fusion-imageframe imageframe-none imageframe-3 hover-type-none\" class=\"image-magnify\" class=\"image-scroll\"><img decoding=\"async\" width=\"949\" height=\"1004\" alt=\"Ultrazvo\u010dni merilniki ogrevanja Engelmann\" title=\"Ultrazvo\u010dni merilniki ogrevanja Engelmann\" src=\"https:\/\/iker.si\/upgrade\/wp-content\/uploads\/2018\/06\/2-1.png\" class=\"img-responsive wp-image-439\" srcset=\"https:\/\/iker.si\/upgrade\/wp-content\/uploads\/2018\/06\/2-1-200x212.png 200w, https:\/\/iker.si\/upgrade\/wp-content\/uploads\/2018\/06\/2-1-400x423.png 400w, https:\/\/iker.si\/upgrade\/wp-content\/uploads\/2018\/06\/2-1-600x635.png 600w, https:\/\/iker.si\/upgrade\/wp-content\/uploads\/2018\/06\/2-1-800x846.png 800w, https:\/\/iker.si\/upgrade\/wp-content\/uploads\/2018\/06\/2-1.png 949w\" sizes=\"(max-width: 800px) 100vw, 800px\" \/><\/span><\/div><\/div><div class=\"fusion-text fusion-text-5\"><h2 style=\"text-align: center;\">Ultrazvo\u010dni merilniki ogrevanja Engelmann<\/h2>\n<\/div><div class=\"fusion-clearfix\"><\/div><\/div><\/div><div class=\"fusion-layout-column fusion_builder_column fusion-builder-column-5 fusion_builder_column_1_2 1_2 fusion-one-half fusion-column-last\" style=\"--awb-bg-size:cover;width:50%;width:calc(50% - ( ( 4% ) * 0.5 ) );\"><div class=\"fusion-column-wrapper fusion-flex-column-wrapper-legacy\"><div class=\"fusion-image-element fusion-image-align-center in-legacy-container\" style=\"text-align:center;--awb-max-width:250px;--awb-caption-title-font-family:var(--h2_typography-font-family);--awb-caption-title-font-weight:var(--h2_typography-font-weight);--awb-caption-title-font-style:var(--h2_typography-font-style);--awb-caption-title-size:var(--h2_typography-font-size);--awb-caption-title-transform:var(--h2_typography-text-transform);--awb-caption-title-line-height:var(--h2_typography-line-height);--awb-caption-title-letter-spacing:var(--h2_typography-letter-spacing);\"><div class=\"imageframe-align-center\"><span class=\" fusion-imageframe imageframe-none imageframe-4 hover-type-none\" class=\"image-magnify\" class=\"image-scroll\"><img decoding=\"async\" width=\"949\" height=\"1004\" alt=\"Ultrazvo\u010dni merilniki ogrevanja Siemens\" title=\"Ultrazvo\u010dni merilniki ogrevanja Siemens\" src=\"https:\/\/iker.si\/upgrade\/wp-content\/uploads\/2018\/06\/1-1.png\" class=\"img-responsive wp-image-438\" srcset=\"https:\/\/iker.si\/upgrade\/wp-content\/uploads\/2018\/06\/1-1-200x212.png 200w, https:\/\/iker.si\/upgrade\/wp-content\/uploads\/2018\/06\/1-1-400x423.png 400w, https:\/\/iker.si\/upgrade\/wp-content\/uploads\/2018\/06\/1-1-600x635.png 600w, https:\/\/iker.si\/upgrade\/wp-content\/uploads\/2018\/06\/1-1-800x846.png 800w, https:\/\/iker.si\/upgrade\/wp-content\/uploads\/2018\/06\/1-1.png 949w\" sizes=\"(max-width: 800px) 100vw, 800px\" \/><\/span><\/div><\/div><div class=\"fusion-text fusion-text-6\"><h2 style=\"text-align: center;\">Ultrazvo\u010dni merilniki ogrevanja Siemens<\/h2>\n<\/div><div class=\"fusion-clearfix\"><\/div><\/div><\/div><\/div><\/div><\/p>\n","protected":false},"excerpt":{"rendered":"","protected":false},"author":3,"featured_media":441,"parent":202,"menu_order":1,"comment_status":"closed","ping_status":"closed","template":"100-width.php","meta":{"_mi_skip_tracking":false,"_exactmetrics_sitenote_active":false,"_exactmetrics_sitenote_note":"","_exactmetrics_sitenote_category":0},"_links":{"self":[{"href":"https:\/\/iker.si\/upgrade\/wp-json\/wp\/v2\/pages\/117"}],"collection":[{"href":"https:\/\/iker.si\/upgrade\/wp-json\/wp\/v2\/pages"}],"about":[{"href":"https:\/\/iker.si\/upgrade\/wp-json\/wp\/v2\/types\/page"}],"author":[{"embeddable":true,"href":"https:\/\/iker.si\/upgrade\/wp-json\/wp\/v2\/users\/3"}],"replies":[{"embeddable":true,"href":"https:\/\/iker.si\/upgrade\/wp-json\/wp\/v2\/comments?post=117"}],"version-history":[{"count":0,"href":"https:\/\/iker.si\/upgrade\/wp-json\/wp\/v2\/pages\/117\/revisions"}],"up":[{"embeddable":true,"href":"https:\/\/iker.si\/upgrade\/wp-json\/wp\/v2\/pages\/202"}],"wp:featuredmedia":[{"embeddable":true,"href":"https:\/\/iker.si\/upgrade\/wp-json\/wp\/v2\/media\/441"}],"wp:attachment":[{"href":"https:\/\/iker.si\/upgrade\/wp-json\/wp\/v2\/media?parent=117"}],"curies":[{"name":"wp","href":"https:\/\/api.w.org\/{rel}","templated":true}]}}